{"id":124,"date":"2024-07-17T06:07:18","date_gmt":"2024-07-17T06:07:18","guid":{"rendered":"https:\/\/ab-bladvaenget.dk\/?page_id=124"},"modified":"2026-03-25T18:16:09","modified_gmt":"2026-03-25T18:16:09","slug":"nyt-fra-bladvaenget","status":"publish","type":"page","link":"https:\/\/ab-bladvaenget.dk\/index.php\/nyt-fra-bladvaenget\/","title":{"rendered":"Info fra Bladv\u00e6nget"},"content":{"rendered":"<p><span style=\"color: #005700;\">Ny version med alle datoer<\/span><\/p>\n\n\n<figure class=\"wp-block-image size-large\"><img decoding=\"async\" src=\"https:\/\/ab-bladvaenget.dk\/wp-content\/uploads\/2026\/03\/Info-220326-1-724x1024.jpg\" alt=\"\" class=\"wp-image-665\"\/><\/figure>\n\n\n<h4><span style=\"color: #035703;\"><strong>* TILLYKKE MED 100 \u00c5RSF\u00d8DSELSDAGEN TIL WENCHE *<\/strong><\/span><\/h4>\n<h5 style=\"text-align: center;\"><span style=\"color: #004a00;\">Den 31. august rundede Wenche 100 \u00e5r og fik bes\u00f8g af borgmester Bo Hansen blandt mange andre<\/span><\/h5>\n\n\n<figure class=\"wp-block-image size-large\"><img loading=\"lazy\" decoding=\"async\" width=\"682\" height=\"1024\" src=\"https:\/\/ab-bladvaenget.dk\/wp-content\/uploads\/2025\/09\/Wenche-borgmester-red-682x1024.jpg\" alt=\"\" class=\"wp-image-604\" srcset=\"https:\/\/ab-bladvaenget.dk\/wp-content\/uploads\/2025\/09\/Wenche-borgmester-red-682x1024.jpg 682w, https:\/\/ab-bladvaenget.dk\/wp-content\/uploads\/2025\/09\/Wenche-borgmester-red-200x300.jpg 200w, https:\/\/ab-bladvaenget.dk\/wp-content\/uploads\/2025\/09\/Wenche-borgmester-red-768x1153.jpg 768w, https:\/\/ab-bladvaenget.dk\/wp-content\/uploads\/2025\/09\/Wenche-borgmester-red-1023x1536.jpg 1023w, https:\/\/ab-bladvaenget.dk\/wp-content\/uploads\/2025\/09\/Wenche-borgmester-red-1364x2048.jpg 1364w, https:\/\/ab-bladvaenget.dk\/wp-content\/uploads\/2025\/09\/Wenche-borgmester-red-1568x2355.jpg 1568w, https:\/\/ab-bladvaenget.dk\/wp-content\/uploads\/2025\/09\/Wenche-borgmester-red-scaled.jpg 1705w\" sizes=\"auto, (max-width: 682px) 100vw, 682px\" \/><\/figure>\n\n\n\n<figure class=\"wp-block-image size-large\"><img loading=\"lazy\" decoding=\"async\" width=\"721\" height=\"1024\" src=\"https:\/\/ab-bladvaenget.dk\/wp-content\/uploads\/2026\/01\/Flagning-i-Bladvaenget-1-721x1024.jpg\" alt=\"\" class=\"wp-image-651\" srcset=\"https:\/\/ab-bladvaenget.dk\/wp-content\/uploads\/2026\/01\/Flagning-i-Bladvaenget-1-721x1024.jpg 721w, https:\/\/ab-bladvaenget.dk\/wp-content\/uploads\/2026\/01\/Flagning-i-Bladvaenget-1-211x300.jpg 211w, https:\/\/ab-bladvaenget.dk\/wp-content\/uploads\/2026\/01\/Flagning-i-Bladvaenget-1-768x1091.jpg 768w, https:\/\/ab-bladvaenget.dk\/wp-content\/uploads\/2026\/01\/Flagning-i-Bladvaenget-1-1082x1536.jpg 1082w, https:\/\/ab-bladvaenget.dk\/wp-content\/uploads\/2026\/01\/Flagning-i-Bladvaenget-1.jpg 1281w\" sizes=\"auto, (max-width: 721px) 100vw, 721px\" \/><\/figure>\n","protected":false},"excerpt":{"rendered":"<p>Ny version med alle datoer * TILLYKKE MED 100 \u00c5RSF\u00d8DSELSDAGEN TIL WENCHE * Den 31. august rundede Wenche 100 \u00e5r og fik bes\u00f8g af borgmester Bo Hansen blandt mange andre<\/p>\n","protected":false},"author":1,"featured_media":0,"parent":0,"menu_order":0,"comment_status":"closed","ping_status":"closed","template":"","meta":{"footnotes":""},"class_list":["post-124","page","type-page","status-publish","hentry","entry"],"_links":{"self":[{"href":"https:\/\/ab-bladvaenget.dk\/index.php\/wp-json\/wp\/v2\/pages\/124","targetHints":{"allow":["GET"]}}],"collection":[{"href":"https:\/\/ab-bladvaenget.dk\/index.php\/wp-json\/wp\/v2\/pages"}],"about":[{"href":"https:\/\/ab-bladvaenget.dk\/index.php\/wp-json\/wp\/v2\/types\/page"}],"author":[{"embeddable":true,"href":"https:\/\/ab-bladvaenget.dk\/index.php\/wp-json\/wp\/v2\/users\/1"}],"replies":[{"embeddable":true,"href":"https:\/\/ab-bladvaenget.dk\/index.php\/wp-json\/wp\/v2\/comments?post=124"}],"version-history":[{"count":37,"href":"https:\/\/ab-bladvaenget.dk\/index.php\/wp-json\/wp\/v2\/pages\/124\/revisions"}],"predecessor-version":[{"id":667,"href":"https:\/\/ab-bladvaenget.dk\/index.php\/wp-json\/wp\/v2\/pages\/124\/revisions\/667"}],"wp:attachment":[{"href":"https:\/\/ab-bladvaenget.dk\/index.php\/wp-json\/wp\/v2\/media?parent=124"}],"curies":[{"name":"wp","href":"https:\/\/api.w.org\/{rel}","templated":true}]}}

Info fra Bladvænget

<p><span style="color: #005700;">Ny version med alle datoer</span></p>


<figure class="wp-block-image size-large"><img decoding="async" src="https://ab-bladvaenget.dk/wp-content/uploads/2026/03/Info-220326-1-724x1024.jpg" alt="" class="wp-image-665"/></figure>


<h4><span style="color: #035703;"><strong>* TILLYKKE MED 100 ÅRSFØDSELSDAGEN TIL WENCHE *</strong></span></h4>
<h5 style="text-align: center;"><span style="color: #004a00;">Den 31. august rundede Wenche 100 år og fik besøg af borgmester Bo Hansen blandt mange andre</span></h5>


<figure class="wp-block-image size-large"><img loading="lazy" decoding="async" width="682" height="1024" src="https://ab-bladvaenget.dk/wp-content/uploads/2025/09/Wenche-borgmester-red-682x1024.jpg" alt="" class="wp-image-604" srcset="https://ab-bladvaenget.dk/wp-content/uploads/2025/09/Wenche-borgmester-red-682x1024.jpg 682w, https://ab-bladvaenget.dk/wp-content/uploads/2025/09/Wenche-borgmester-red-200x300.jpg 200w, https://ab-bladvaenget.dk/wp-content/uploads/2025/09/Wenche-borgmester-red-768x1153.jpg 768w, https://ab-bladvaenget.dk/wp-content/uploads/2025/09/Wenche-borgmester-red-1023x1536.jpg 1023w, https://ab-bladvaenget.dk/wp-content/uploads/2025/09/Wenche-borgmester-red-1364x2048.jpg 1364w, https://ab-bladvaenget.dk/wp-content/uploads/2025/09/Wenche-borgmester-red-1568x2355.jpg 1568w, https://ab-bladvaenget.dk/wp-content/uploads/2025/09/Wenche-borgmester-red-scaled.jpg 1705w" sizes="auto, (max-width: 682px) 100vw, 682px" /></figure>



<figure class="wp-block-image size-large"><img loading="lazy" decoding="async" width="721" height="1024" src="https://ab-bladvaenget.dk/wp-content/uploads/2026/01/Flagning-i-Bladvaenget-1-721x1024.jpg" alt="" class="wp-image-651" srcset="https://ab-bladvaenget.dk/wp-content/uploads/2026/01/Flagning-i-Bladvaenget-1-721x1024.jpg 721w, https://ab-bladvaenget.dk/wp-content/uploads/2026/01/Flagning-i-Bladvaenget-1-211x300.jpg 211w, https://ab-bladvaenget.dk/wp-content/uploads/2026/01/Flagning-i-Bladvaenget-1-768x1091.jpg 768w, https://ab-bladvaenget.dk/wp-content/uploads/2026/01/Flagning-i-Bladvaenget-1-1082x1536.jpg 1082w, https://ab-bladvaenget.dk/wp-content/uploads/2026/01/Flagning-i-Bladvaenget-1.jpg 1281w" sizes="auto, (max-width: 721px) 100vw, 721px" /></figure>

<p>Ny version med alle datoer * TILLYKKE MED 100 ÅRSFØDSELSDAGEN TIL WENCHE * Den 31. august rundede Wenche 100 år og fik besøg af borgmester Bo Hansen blandt mange andre</p>
